h - 56 = h. Let y be -7*2*(-1 - 4). What is the greatest common factor of h and y?
14
Let h be 10/55 + 163/11. Calculate the highest common divisor of 10 and h.
5
Let s(v) = 3*v**3 + 28. Let n be s(0). Calculate the highest common divisor of 364 and n.
28
Let c(q) = -q**3 - 25*q**2 - 4*q - 19. Let p be c(-25). What is the greatest common divisor of p and 18?
9
Suppose -5*u - 5*i = -2*u - 48, -4*i = -3*u + 75. Let v be -1*(1 - -1)*3. Let n be (-15)/(-6) + (-3)/v. Calculate the highest common factor of u and n.
3
Suppose -113 = -3*p + 139. What is the highest common divisor of 21 and p?
21
Let j(w) = w**2 + 5*w. Let l be j(-5). Let d(q) = -3 + l + 3*q + 1. Let g be d(4). What is the greatest common divisor of 90 and g?
10
Let f = 7 - 4. Let n be (7/(-2))/(2/4). Let q be ((-4)/n)/(4/14). What is the greatest common factor of f and q?
1
Let v be ((-2)/9*-30)/(1/6). What is the highest common factor of v and 120?
40
Suppose -2*k - 4*r + 9*r + 67 = 0, -2*k - 5*r = -17. Let o = -16 - -20. Suppose -o*v - v + 105 = 0. Calculate the greatest common factor of k and v.
21
Suppose 3*t + 6*b - 5*b = 184, 70 = t - 4*b. What is the greatest common divisor of 155 and t?
31
Suppose -2*k + 60 + 16 = 0. Calculate the highest common divisor of k and 76.
38
Let j be 4/14 + 68/7. Calculate the highest common factor of j and 20.
10
Let a = -56 + -4. Let c be 2/(-7) + a/(-14). Let q = 49 - 29. Calculate the highest common divisor of c and q.
4
Let g be (-438)/(-12) - 6/4. Calculate the highest common factor of g and 7.
7
Suppose -15 = -5*t + 5. Let q = -4 + t. Let s be q - -2 - (0 - -1). Calculate the highest common divisor of s and 1.
1
Suppose 31 = 8*o - 1. What is the highest common divisor of 2 and o?
2
Let q(i) = 1 + 2*i**2 - 3*i - 4*i**3 + 3*i**3 + 7*i. Suppose 4*h - 14 + 2 = 0. Let d be q(h). What is the highest common factor of d and 10?
2
Let f(m) = -2*m**2 - 2*m + 2. Let t be f(-4). Let u = -11 - t. Calculate the highest common factor of u and 88.
11
Suppose i - 5*i - 5*z + 107 = 0, 141 = 5*i - z. Let t be 15/36*34 - 1/6. What is the highest common divisor of t and i?
14
Suppose -2*v + 283 = x - 82, 2*v - 355 = x. What is the greatest common factor of 36 and v?
36
Let c(h) = -h**3 + 6*h**2 - 4*h + 5. Let g be c(5). Calculate the greatest common divisor of 15 and g.
5
Let k(w) = -17*w + 4. Let f be k(-5). Let y = f + -26. What is the highest common factor of y and 21?
21
Suppose -3*s + 6 = -3. Suppose -s*b = -30 + 9. Suppose 12*u - b*u = 75. Calculate the greatest common divisor of u and 6.
3
Suppose -r - 33 = -5*r - i, 5*i = -4*r + 37. Calculate the highest common divisor of r and 4.
4
Suppose -30 = 2*b - 7*b. Let t(u) = 5*u**3 + 2*u**2 - u. Let l = -9 + 10. Let i be t(l). Calculate the highest common factor of i and b.
6
Suppose 3*x = -0*x + 336. Suppose -2*w + m + 26 = 0, -4*m = -4*w + 2*w + 20. Calculate the highest common divisor of x and w.
14
Suppose -4 + 2 = d, -b - 2*d = -8. Suppose 3*j = b, 0 = -3*a + 6*a + j - 16. Suppose a*k - k = 108. What is the highest common factor of 90 and k?
18
Let u be (-3)/(27/24)*-3. Suppose -3*t - 5*v = -8*t + 35, 4*t + v - u = 0. Calculate the greatest common factor of t and 21.
3
Suppose 0 = -4*s - 0*s + 12. Suppose 446 - 116 = s*j. Let f be (-51)/(-5) - (-1)/(-5). Calculate the greatest common divisor of f and j.
10
Let m be 3*-4*(-6 - -5). Calculate the highest common factor of 30 and m.
6
Suppose -41 = -4*h - 3*z, -2*z = 4*h - 10 - 32. Suppose 2 + 0 = 2*f. Calculate the highest common factor of f and h.
1
Let l(m) = -2*m**3 - m**2 - 2*m. Let t be l(-2). Calculate the highest common factor of t and 80.
16
Let y(m) = -299*m**2. Let i be y(-1). Let s = -211 - i. What is the greatest common factor of 8 and s?
8
Suppose -r = -0*r. Let q be r + (-36)/8*-6. Calculate the greatest common divisor of 9 and q.
9
Let m(o) = -o**2 + 1. Let x be m(1). Let s be (-1 - 1) + x + 7. What is the highest common factor of s and 2?
1
Let a(u) = 26*u - 2. Let n be a(2). Calculate the highest common factor of n and 25.
25
Suppose -f - 3 = 0, 0*c = 5*c + 3*f + 14. Let j = c + 1. Let w = 1 + j. Calculate the highest common divisor of 4 and w.
1
Let i(c) = c**3 + 5*c**2 - 6*c. Let j(f) = -f**2 - 6. Let v be j(0). Let x be i(v). Suppose -2*q = -x*q - 66. Calculate the highest common factor of 22 and q.
11
Suppose 5*b - 5*q = -4*q + 43, -2*b - q = -20. Let t = 110 - 74. Calculate the greatest common divisor of t and b.
9
Let n = 13 - 37. Let d(t) = t**3 + 9*t**2 + 5*t - 3. Let z be d(-4). Let g = n + z. What is the highest common factor of g and 11?
11
Let r be 22/(-2 + 1) + 3. Let u = r + 30. Calculate the highest common divisor of 77 and u.
11
Suppose 3*g + 68 = 212. Suppose -2*c = 2*c - g. Suppose 4*u - u + 6 = 0, -2*a + 4*u = -176. What is the greatest common divisor of c and a?
12
Let k = 21 + -15. Let f = 50 - -4. What is the highest common factor of k and f?
6
Suppose -28 - 74 = -r - 4*h, -5*h + 210 = 2*r. Let t = 38 + -20. Suppose 0 = -5*k + 68 - t. Calculate the highest common factor of k and r.
10
Suppose 7 + 5 = 2*b - 2*s, 2*b - s = 10. Let q = 66 - 22. What is the greatest common factor of b and q?
4
Let k = 4 + 0. Suppose -4*c = -4*t - 4, 0 = -3*c - 4*t - k. Let i(v) = -v**2 + 6. Let w be i(c). Calculate the greatest common divisor of 2 and w.
2
Let x = 145 + -80. What is the highest common factor of 26 and x?
13
Suppose -5*l = 10, -u - 2*l + 0 = -5. Let j = u + 7. Let t = -6 + 10. What is the greatest common divisor of j and t?
4
Let y be 3 + -2*1/(-2). Suppose b - 2 = -5*t, -5*t - 7 = -0*b + y*b. Let d be (-87)/(-12) + t/(-4). Calculate the highest common factor of d and 35.
7
Suppose 0 = -5*w + 2*p + 696, -p = 4*p - 10. Calculate the greatest common factor of w and 20.
20
Let b be (-10)/(0 + 5) + 8. What is the greatest common factor of b and 90?
6
Let h = 751 - 490. Let g be (6/4)/((-3)/280). Let k = g + h. What is the highest common factor of 11 and k?
11
Let z(s) = s**2 - 14*s - 67. Let x be z(21). What is the greatest common divisor of 4 and x?
4
Let s = 31 + -26. Calculate the greatest common factor of 35 and s.
5
Let v = -15 - -27. Let w = 70 - -38. Calculate the greatest common divisor of w and v.
12
Let d(a) = -a - 4. Let c be d(-6). Suppose -2*o - 2*v + 204 = 0, c*v = -v - 9. Calculate the highest common divisor of 42 and o.
21
Let m = 32 + -6. Suppose -m = 3*a - 194. What is the greatest common factor of 28 and a?
28
Suppose 0 = 3*y - 11 - 49. Let d(s) = -3*s - 1. Let q be d(-2). Suppose 2*l - 29 = 4*a + 23, 0 = -q*l - a + 152. What is the highest common factor of y and l?
10
Let u be ((-2)/(-4))/(2/12). Suppose 0*f + 16 = f + 4*l, -4*l = -3*f + 32. Calculate the highest common factor of f and u.
3
Let m(v) = v + 13. Let c be m(0). What is the highest common divisor of 169 and c?
13
Let b be ((-11)/(-3))/(2/6). Let g be (-66)/4*(-8)/12. Let s = g - 0. What is the greatest common factor of s and b?
11
Suppose 0 = 3*k - 56 + 26. Calculate the greatest common factor of 10 and k.
10
Suppose -2*v + 10 = -4*j - 58, 2*j = -4*v + 126. Suppose -12 = -4*b + 20. What is the greatest common factor of b and v?
8
Let n be ((-63)/(-6))/(-3)*-14. Let f = 0 + -3. Let h(y) = -3*y - 2. Let z be h(f). Calculate the greatest common divisor of n and z.
7
Let l be (12/(-8))/((-2)/44). Suppose -334 = 24*u - 1126. Calculate the greatest common factor of u and l.
33
Suppose -2*f = -5*c - 46 + 250, 3*c - 2*f = 124. Suppose 0*s + 5*s - c = 0. What is the highest common factor of 88 and s?
8
Suppose 2*g - 20 = 46. Calculate the highest common divisor of g and 33.
33
Suppose 3 = s - 1. Suppose 33 = s*d - 407. Let q = 85 - 75. Calculate the greatest common factor of q and d.
10
Let q be (2 + (-4)/6)*180. Suppose 2*c + 240 = -a + 5*a, -5*c = 4*a - q. Calculate the highest common divisor of 30 and a.
30
Let z be (-42)/(-3)*(7 + -2). What is the greatest common divisor of 35 and z?
35
Suppose -42 = -6*t + 30. What is the highest common divisor of 8 and t?
4
Suppose 0 = -3*j + j. Suppose 3*u - 2 = -k + 11, -k + u + 5 = j. Calculate the greatest common divisor of 21 and k.
7
Suppose -48 + 6 = -2*n. Calculate the greatest common divisor of n and 6.
3
Let o = -115 - -122. What is the greatest common divisor of o and 119?
7
Suppose -4*q = -119 - 169. S